the highest common factor of 1818 and 7598322?
18
Calculate the greatest common divisor of 41141088 and 168.
24
Calculate the highest common factor of 445520514 and 82.
82
What is the highest common factor of 20178 and 23310?
18
What is the highest common factor of 3024250 and 110?
10
What is the greatest common divisor of 2290963 and 133?
19
Calculate the greatest common factor of 1630 and 111069830.
1630
Calculate the highest common factor of 9621990 and 270.
270
What is the highest common divisor of 54216834 and 9135?
609
Calculate the highest common divisor of 138430785 and 15.
15
What is the greatest common divisor of 68 and 198554?
2
What is the highest common divisor of 804 and 15231378?
402
Calculate the highest common divisor of 66915243 and 63.
9
What is the highest common divisor of 7239496 and 8888?
88
Calculate the greatest common factor of 1773 and 66001107.
591
What is the highest common divisor of 48 and 4611792?
48
Calculate the greatest common divisor of 3772 and 617964.
92
Calculate the highest common factor of 20114064 and 144.
144
Calculate the highest common factor of 3408249 and 1405.
281
Calculate the highest common divisor of 354282868 and 2412.
268
Calculate the greatest common factor of 54153 and 20891571.
1641
Calculate the greatest common factor of 1550 and 14674315.
155
What is the greatest common factor of 4648524 and 14628?
636
What is the greatest common factor of 5543 and 690?
23
What is the greatest common divisor of 22555648 and 5056?
64
What is the highest common factor of 534 and 88413846?
534
What is the greatest common divisor of 1495450 and 17776?
22
Calculate the highest common divisor of 90915 and 197258.
551
What is the highest common factor of 392966 and 224?
14
What is the greatest common factor of 90 and 11969070?
30
Calculate the greatest common divisor of 115164 and 44709.
21
What is the greatest common divisor of 10175 and 265815?
55
Calculate the greatest common factor of 189 and 14562432.
9
Calculate the greatest common factor of 6017490 and 186219.
1539
What is the highest common factor of 766 and 97149482?
766
Calculate the greatest common divisor of 29558960 and 48.
16
Calculate the highest common divisor of 20279 and 159983928.
2897
Calculate the highest common factor of 16423 and 360547.
11
What is the greatest common divisor of 18285 and 29578?
23
What is the highest common factor of 66 and 62333744?
22
What is the highest common divisor of 63 and 16527147?
21
What is the greatest common divisor of 30 and 379674210?
30
What is the highest common divisor of 31877420 and 40?
20
Calculate the highest common divisor of 1671 and 7195883.
557
Calculate the highest common divisor of 672582049 and 86.
43
What is the highest common factor of 6072 and 142?
2
Calculate the greatest common divisor of 75 and 138711.
3
Calculate the highest common divisor of 85133642 and 4598.
418
Calculate the highest common divisor of 42302 and 309130.
3254
Calculate the highest common divisor of 34162 and 3151150.
1178
What is the highest common divisor of 153279 and 24374?
7
What is the highest common divisor of 300634 and 137138?
382
Calculate the greatest common factor of 19168487 and 2626.
1313
What is the greatest common divisor of 22488 and 189312?
24
Calculate the greatest common factor of 2798538 and 40.
2
What is the highest common factor of 22160 and 474778?
554
What is the highest common factor of 232794 and 65367?
243
Calculate the greatest common divisor of 356031 and 85969.
221
What is the greatest common factor of 633 and 5426308311?
633
What is the highest common divisor of 13712 and 261385?
857
What is the greatest common factor of 141489684 and 14224?
3556
What is the highest common factor of 1528569 and 56259?
1197
What is the highest common divisor of 5 and 17013935?
5
Calculate the greatest common factor of 24222947 and 7.
7
What is the greatest common divisor of 39804 and 1721951?
107
What is the highest common divisor of 4671 and 434997?
27
Calculate the greatest common factor of 429454 and 16039884.
1486
What is the highest common factor of 6244514 and 11374?
94
Calculate the highest common factor of 441269 and 327675.
4369
What is the highest common factor of 303710272 and 232?
232
Calculate the highest common factor of 3 and 1403001.
3
What is the greatest common factor of 57676739 and 2129?
2129
Calculate the greatest common divisor of 11508636 and 4215.
843
What is the greatest common factor of 11745456 and 17664?
1104
What is the highest common divisor of 5774 and 2783?
1
What is the highest common divisor of 1587276 and 492?
12
What is the highest common divisor of 1365 and 6520640?
35
What is the greatest common factor of 68666 and 7514?
26
What is the greatest common divisor of 9526446 and 31086?
2826
What is the highest common factor of 51588 and 40851964?
5732
What is the greatest common divisor of 40610 and 580330?
1310
What is the greatest common factor of 266928668 and 1319?
1319
What is the highest common factor of 26631628 and 522?
58
Calculate the greatest common factor of 2661 and 10665.
3
Calculate the greatest common divisor of 648 and 278497116.
324
Calculate the greatest common divisor of 54157600 and 509.
509
What is the highest common factor of 101201 and 2907?
17
Calculate the highest common factor of 30 and 435264.
6
Calculate the greatest common factor of 11807412 and 108.
12
Calculate the highest common factor of 780 and 149157060.
780
Calculate the highest common factor of 4280 and 24617490.
1070
What is the greatest common factor of 8355968 and 3201?
97
Calculate the highest common factor of 379 and 3876791.
379
Calculate the greatest common divisor of 34098675 and 6396.
1599
What is the highest common divisor of 96598084 and 1892?
44
What is the greatest common divisor of 46269274 and 34?
34
Calculate the highest common divisor of 1033 and 646193150.
1033
What is the greatest common factor of 6724496 and 1083088?
7792
Calculate the greatest common divisor of 163443 and 448.
7
Calculate the greatest common factor of 258661 and 1454648.
2561
What is the highest common divisor of 11143 and 75188912?
1013
What is the greatest common factor of 27145431 and 1374?
687
Calculate the greatest common factor of 48789 and 216567.
351
What is the greatest common factor of 727743 and 29733?
159
Calculate the highest common factor of 5 and 211215065.
5
Calculate the greatest common factor of 2133642 and 739186.
518
Calculate the highest common divisor of 135 and 329502525.
15
What is the greatest common divisor of 718817 and 143?
11
What is the greatest common factor of 11999 and 145847?
169
What is the highest common factor of 194 and 11401574?
194
Calculate the highest common divisor of 26661497 and 186703.
1543
Calculate the greatest common factor of 2507 and 362643.
109
Calculate the greatest common divisor of 480790624 and 1149.
383
Calculate the highest common factor of 2137 and 18478639.
2137
What is the highest common factor of 5346 and 53318331?
2673
Calculate the highest common divisor of 2 and 29138674.
2
Calculate the highest common divisor of 6827362 and 236.
118
Calculate the greatest common divisor of 199 and 294613928.
199
What is the greatest common factor of 813597 and 144815?
2633
What is the highest common factor of 11 and 50634023?
11
What is the highest common factor of 9099 and 993037563?
9099
Calculate the greatest common divisor of 254 and 78163801.
127
What is the highest common factor of 174 and 384610905?
87
Calculate the greatest common divisor of 4045 and 640562155.
4045
Calculate the highest common divisor of 310578 and 11766.
222
Calculate the highest common divisor of 6747 and 1182558.
39
Calculate the greatest common factor of 315 and 11706135.
105
What is the highest common factor of 161142 and 69336?
642
What is the greatest common divisor of 33 and 32349922?
11
What is the greatest common divisor of 1298310 and 39?
39
Calculate the highest common factor of 13158 and 2194938.
306
Calculate the greatest common divisor of 704 and 14954060.
44
Calculate the highest common factor of 35427 and 3757431.
723
What is the highest common divisor of 18600 and 1145574?
186
Calculate the highest common divisor of 10856 and 248567118.
2714
Calculate